e 10
307
Convert 101011102 (base 3) to base 16.
1cf1
-6a (base 14) to base 4
-1132
-25b (base 13) to base 15
-1c9
What is -1142441 (base 6) in base 14?
-17d33
What is 21730 (base 10) in base 11?
15365
-21111021 (base 3) to base 15
-1941
-10100001011 (base 2) to base 16
-50b
What is 118852 (base 9) in base 10?
72137
What is 3ab8 (base 12) in base 13?
3104
Convert -84 (base 10) to base 8.
-124
Convert -323003 (base 4) to base 6.
-25255
3308 (base 9) to base 12
14b2
3033 (base 4) to base 13
12c
Convert 1104412 (base 5) to base 4.
10232131
Convert -2737 (base 8) to base 3.
-2001200
Convert -4055 (base 9) to base 8.
-5626
What is -53666 (base 8) in base 10?
-22454
Convert -1d0d (base 14) to base 6.
-40321
What is -13633 (base 9) in base 3?
-110201010
Convert 1b9 (base 16) to base 4.
12321
What is 154a (base 13) in base 2?
110000100000
What is -572 (base 8) in base 10?
-378
What is -36010 (base 8) in base 11?
-10601
Convert -10441 (base 11) to base 9.
-22725
-411a (base 13) to base 12
-5244
What is 2535 (base 6) in base 4?
21323
-86 (base 10) to base 8
-126
103333 (base 5) to base 2
111000001001
182 (base 12) to base 16
f2
Convert -1 (base 15) to base 3.
-1
-10d (base 15) to base 5
-1423
Convert -963 (base 10) to base 8.
-1703
What is -e6 (base 16) in base 8?
-346
Convert -1010101111110 (base 2) to base 8.
-12576
What is -14aa (base 11) in base 13?
-b5b
What is -1171a (base 12) in base 15?
-6e64
Convert 48 (base 11) to base 12.
44
-1270 (base 8) to base 15
-316
Convert -4425 (base 6) to base 10.
-1025
What is -1011121012 (base 3) in base 2?
-101100111111100
10 (base 13) to base 2
1101
What is -59a (base 12) in base 4?
-31012
Convert -2043 (base 13) to base 14.
-189b
What is -48188 (base 10) in base 15?
-e428
-2510 (base 10) to base 12
-1552
-6232 (base 11) to base 3
-102100001
What is 120110 (base 3) in base 16?
1a1
What is 13147 (base 10) in base 6?
140511
-360 (base 8) to base 6
-1040
What is 26076 (base 8) in base 5?
330301
Convert 480 (base 9) to base 12.
290
3047 (base 15) to base 11
7726
18003 (base 10) to base 9
26623
What is c1 (base 15) in base 3?
20201
Convert -846 (base 11) to base 12.
-70a
-877 (base 10) to base 9
-1174
Convert 1b40 (base 12) to base 15.
ee0
Convert -20313 (base 5) to base 3.
-1211101
Convert 1022 (base 6) to base 11.
19a
Convert 3182 (base 12) to base 3.
21102222
What is 350 (base 9) in base 5?
2123
Convert -3460 (base 7) to base 12.
-897
Convert 81807 (base 9) to base 8.
151160
1000011011 (base 2) to base 15
25e
-63520 (base 10) to base 4
-33200200
123 (base 9) to base 16
66
1ba (base 13) to base 14
190
Convert 51651 (base 7) to base 9.
18346
13203 (base 6) to base 2
11111100011
-15 (base 13) to base 14
-14
Convert 202330 (base 4) to base 6.
14204
What is 22060 (base 8) in base 12?
5440
-12 (base 13) to base 7
-21
What is 33010 (base 4) in base 14?
4cc
What is 10001001000000 (base 2) in base 16?
2240
What is 348 (base 11) in base 14?
219
What is -3012 (base 7) in base 8?
-2016
What is 2041 (base 6) in base 10?
457
What is -182 (base 15) in base 10?
-347
What is -1001 (base 3) in base 9?
-31
53660 (base 7) to base 2
11010000111010
351 (base 12) to base 5
3433
Convert 5bc (base 15) to base 6.
10010
-4131 (base 11) to base 14
-1dd5
Convert 1111313 (base 4) to base 15.
1965
What is -1246 (base 7) in base 15?
-21a
Convert 2379 (base 14) to base 2.
1100000100111
Convert 1010101 (base 3) to base 15.
39a
Convert -224 (base 15) to base 4.
-13210
What is 120012112 (base 3) in base 2?
10101101001100
-11233011 (base 4) to base 15
-6e63
Convert 3003 (base 11) to base 7.
14436
What is -aba (base 13) in base 11?
-1426
What is 241a (base 12) in base 7?
14551
What is 30c (base 13) in base 12?
373
4a9 (base 12) to base 10
705
Convert 4442 (base 5) to base 8.
1156
Convert 215 (base 7) to base 4.
1232
Convert 5322 (base 10) to base 13.
2565
2d73 (base 15) to base 13
45b7
What is 420 (base 15) in base 14?
4a6
Convert 13117 (base 9) to base 13.
4045
232 (base 8) to base 12
10a
-8445 (base 15) to base 5
-1343330
Convert -12225 (base 6) to base 4.
-130121
What is 438 (base 16) in base 14?
572
Convert 1798 (base 12) to base 8.
5444
-1433 (base 12) to base 16
-927
Convert 4338 (base 12) to base 16.
1cdc
What is 101 (base 9) in base 10?
82
What is 3215 (base 6) in base 14?
3a3
3040 (base 14) to base 11
6255
What is -18558 (base 10) in base 6?
-221530
What is -112002021 (base 3) in base 5?
-312032
What is 101001011110 (base 2) in base 4?
221132
Convert 533 (base 12) to base 5.
11014
2565 (base 10) to base 9
3460
Convert -74 (base 14) to base 4.
-1212
What is -403252 (base 6) in base 2?
-111110001110000
-302033 (base 4) to base 15
-e45
Convert -11111101010 (base 2) to base 7.
-5623
-74 (base 15) to base 16
-6d
Convert 34527 (base 8) to base 4.
3211113
11132223 (base 4) to base 10
22443
Convert 126 (base 14) to base 9.
275
What is -86 (base 10) in base 15?
-5b
-873 (base 15) to base 14
-9a4
Convert -2275 (base 14) to base 2.
-1011101011111
What is -275d (base 14) in base 16?
-1b1f
-1884 (base 11) to base 7
-6654
Convert 1220202 (base 3) to base 15.
632
What is -2d0 (base 15) in base 14?
-341
Convert -20433 (base 6) to base 8.
-5305
What is 1a6 (base 11) in base 6?
1033
380 (base 10) to base 4
11330
221212 (base 3) to base 15
318
-2310030 (base 4) to base 3
-120211010
Convert 1727 (base 9) to base 10.
1321
179 (base 16) to base 4
11321
ba95 (base 14) to base 9
48241
Convert -4360 (base 9) to base 11.
-2461
Convert 1941 (base 15) to base 11.
4115
30194 (base 10) to base 15
8e2e
-2452 (base 7) to base 16
-397
-3751 (base 15) to base 7
-46222
-1bd1 (base 15) to base 4
-1132132
-14245 (base 6) to base 2
-100011010101
32145 (base 8) to base 7
54051
24 (base 10) to base 3
220
-2311 (base 5) to base 9
-407
-10235 (base 6) to base 7
-4025
Convert -27008 (base 9) to base 12.
-a675
What is -84ac (base 13) in base 16?
-47da
What is -4884 (base 12) in base 4?
-1333210
Convert 1001102 (base 3) to base 9.
1042
Convert -2222120122 (base 3) to base 15.
-12612
What is 2631 (base 7) in base 2?
1111101010
What is 65 (base 14) in base 7?
155
Convert d13 (base 16) to base 9.
4528
6c7 (base 14) to base 9
1761
What is 131551 (base 6) in base 11?
90a2
What is 622 (base 10) in base 9?
761
What is -1ce9 (base 15) in base 9?
-8563
Convert -59 (base 11) to base 5.
-224
What is -3932 (base 10) in base 5?
-111212
Convert 7355 (base 11) to base 5.
302430
Convert bb3 (base 15) to base 4.
221103
What is 4775 (base 8) in base 13?
1219
Convert 58a1 (base 16) to base 5.
1211224
What is -ae10 (base 15) in base 8?
-110063
216b (base 12) to base 5
104213
267 (base 8) to base 4
2313
What is -234 (base 6) in base 5?
-334
What is -583 (base 10) in base 8?
-1107
What is -970 (base 10) in base 6?
-4254
Convert 144232 (base 5) to base 11.
471a
What is -14054 (base 8) in base 4?
-1200230
What is 4722 (base 11) in base 15?
1c80
What is -23032 (base 8) in base 5?
-303004
Convert 43 (base 16) to base 10.
67
-c5d (base 14) to base 11
-1914
-31658 (base 9) to base 2
-101000111010111
-4546 (base 8) to base 15
-aa6
424012 (base 5) to base 7
56365
11021012 (base 3) to base 15
dc5
Convert -210112211 (base 3) to base 8.
-36535
Convert 10745 (base 11) to base 5.
444122
What is 11101011100 (base 2) in base 5?
30014
Convert -5135 (base 8) to base 15.
-bbd
101011011011 (base 2) to base 5
42104
What is 1000010001 (base 2) in base 13?
319
-2002120 (base 3) to base 4
-113313
Convert 303343 (base 5) to base 16.
2678
101023 (base 4) to base 2
10001001011
Convert -402 (base 5) to base 15.
-6c
What is 103141 (base 5) in base 12?
2076
-c1 (base 15) to base 4
-2311
882 (base 12) to base 3
1201022
2e9 (base 16) to base 6
3241
What is 90c (base 13) in base 14?
7b7
What is -15621 (base 13) in base 5?
-2244322
What is -9a4b (base 12) in base 6?
-210535
What is 6336 (base 9) in base 14?
19a2
-340 (base 5) to base 11
-87
-2122210222 (base 3) to base 2
-1100110010000000
Convert -1421 (base 7) to base 12.
-3a2
Convert -32552 (base 9) to base 2.
-101010001011001
Convert 1342 (base 8) to base 10.
738
330221 (base 4) to base 2
111100101001
What is -7039 (base 11) in base 2?
-10010010001111
Convert -9194 (base 12) to base 16.
-3dc0
What is -1da (base 14) in base 4?
-12010
What is -31033 (base 6) in base 9?
-5583
What is -22